- 35 = 5*f. Let j(v) = -15*v**3 + 3*v**2 + v + 13. Let z(w) = 7*w**3 - w**2 - w - 6. Let h(b) = f*z(b) - 3*j(b). Is h(-7) a composite number?
False
Let b(r) = 4053*r**2 - 4*r. Let h be b(1). Suppose 195*w = 194*w + h. Is w composite?
False
Let f = -464 + 460. Is 6 + (-1 - -5) + f + 27727 composite?
False
Suppose 289*n - 37542968 - 10531893 = 0. Is n composite?
False
Let a be (-1 - 13/(-3))*-3. Let u be (-1 - -1)*(a - -11). Suppose -2*i - 3088 = -3*q + 4881, 3*i - 3 = u. Is q prime?
True
Suppose 5*a - 2*m = 26, 3 = -3*a + m + 19. Let n be (-2)/(-6) - (8/a + -1). Suppose n*r + 9505 = 5*r. Is r a composite number?
False
Suppose -3*o - 11*j + 10694 = -13*j, -2*o = -2*j - 7126. Suppose 0 = 27*c - 11*c - o. Is c composite?
False
Let x(o) be the second derivative of -o**3/3 - 29*o**2/2 - 14*o. Let m be x(-17). Suppose 3*s + m*d - 3747 = 0, 4*s = 4*d - 2457 + 7453. Is s composite?
False
Let y = 16462 + 32431. Is y prime?
False
Let b(j) = -j**3 + 16*j**2 + 18*j - 12. Let a be b(17). Suppose 4*n + 50591 = 3*z, -8*n = -a*z - 9*n + 84349. Is z composite?
True
Let u be (1 + -7)*15/(75/(-80)). Let r = -65 + 128. Let z = u - r. Is z composite?
True
Let a(c) be the first derivative of 5*c**4/4 - 3*c**3 + 5*c**2/2 + c - 28. Is a(6) a composite number?
False
Let w(z) = -z**3 + 2*z**2 + 27*z + 16. Let g be w(7). Is 1/(-4) + (-136130)/g a prime number?
False
Let x(s) = 2 + s**2 - 34*s + 24*s - 10. Let l be x(9). Let d(h) = 4*h**2 - 6*h + 1. Is d(l) a composite number?
False
Is (51759 - (9 - 17))*(2 + -1) composite?
False
Let c = 1177592 - 726471. Is c a prime number?
False
Let a = 1959300 + -770069. Is a composite?
False
Suppose -662 - 730 = -c + 4*h, c - 1393 = 5*h. Let q(l) = l**2 - 4*l + 12. Let t be q(4). Suppose -3*m - t = 0, -892 = -4*w - m + c. Is w composite?
False
Suppose 1908077 - 10553787 = -10*d. Is d a composite number?
True
Let c(b) = 13935*b - 239. Is c(4) composite?
False
Suppose -4*d = -3*x + 3780, -3*d - 1113 - 147 = -x. Suppose -2*m - x = -2*t, -3*t - m = m - 1870. Suppose 3481 = 5*r + t. Is r prime?
True
Let q be 2/(-3) - (-63345)/45. Suppose -217 = 3*d - 2*v - 735, 0 = 3*d - 5*v - 530. Let f = d + q. Is f composite?
True
Is (-2)/(-19) + 1932285104/5776 a composite number?
True
Let j(x) = x**3 - 28*x**2 - 27*x - 60. Let g be j(29). Is (-7355)/4*(-4 + (g - -2)) prime?
False
Let j be (-1 + -2)*(-44)/33. Let f(k) = 47*k**3 + 2*k**2 - 6*k + 3. Is f(j) composite?
False
Let k be ((-7)/((-7)/(-1399)))/((-2)/20). Suppose -367*q = -365*q - k. Is q prime?
False
Let i = 27 + -26. Let w be (-247 - (-4)/(-4))*i. Let g = w - -1059. Is g a composite number?
False
Let t(n) = 23179*n**2 - 16*n - 42. Is t(-3) composite?
True
Let y = 912 - -29869. Is y prime?
True
Let i be 1062/(-45)*(-125 + 0). Let v = -1871 + i. Is v prime?
False
Let u be ((-27)/(-2))/(-3)*(-308)/(-42). Let w = -27 - u. Suppose 71 = n + w. Is n a prime number?
False
Let q(b) = -53 - 65*b**2 + 298*b**2 + 141*b**2 - 13*b + 663*b**2. Is q(-4) a prime number?
False
Suppose 457868 = 26*n - 3919440. Is n a prime number?
False
Suppose 3*g - 9 = 132. Suppose -132 = -3*h + 5*m + g, -h + 5*m + 73 = 0. Suppose -5*o - 3*r + 426 = 0, 2*o - 212 + h = -5*r. Is o a composite number?
True
Let n = 70 - 40. Let c(q) = 3*q**2 - 28*q - 22. Is c(n) a prime number?
False
Let g(r) = r**3 + 30*r**2 - 49*r + 239. Is g(36) prime?
True
Let c = 86128 + 1098559. Is c a prime number?
False
Let f(r) = 6*r**3 - 74*r**2 + 331*r - 43. Is f(64) a prime number?
True
Suppose -1611*b + 1613*b = 1371554. Is b composite?
True
Suppose -4*s + 12 = -10*s. Let q be -25*(((-84)/(-5))/s - 2). Let d = -69 + q. Is d composite?
False
Suppose -5*b + 4 + 6 = 0. Suppose 3*p - x - 11263 = -5*x, -2*p + 7532 = -b*x. Is p a composite number?
False
Let l be 3 + 2 + -3 - (8 + -10). Let c be 18189/18 - (-2)/l. Let u = c - -206. Is u a prime number?
True
Let k be ((-12)/(-20))/(-3 + 48/15). Suppose k*x - 373 = -m, 0*m - 1 = -m. Let i = -47 + x. Is i a prime number?
False
Let h be (-17)/(-102) - 22/(-12). Is (-38)/((-48)/20 + h) composite?
True
Let n be (-1)/(-1)*(3 + -2). Is -7*n/(-4)*5996 a composite number?
True
Suppose 0 = 5*w + 4*b - 60153, 5*w - 4*b - 60137 = -0*w. Suppose 0 = -v + w + 14060. Is v a prime number?
False
Suppose -5*d + 3*y = -130723, -3*d + 3*y - 8*y + 78461 = 0. Is d composite?
True
Suppose 0 = 3*p - 20 - 25. Suppose 0 = -p*y + 16*y. Suppose 5*m - 2*g = -y*m + 255, -3*m + 2*g + 153 = 0. Is m a composite number?
True
Suppose 7*t - 45197 = -4863. Suppose 0 = 12*o - t + 926. Is o composite?
True
Let c = -825960 - -1202423. Is c a composite number?
False
Suppose -3 = -r, -3*m + m + 2 = -2*r. Let v be 45383 - (40/18 + m/(-18)). Is v/18 + 8/(-48) a composite number?
False
Suppose -72*m - 234 = -2*y - 75*m, 0 = -4*m + 16. Is y a prime number?
False
Let g = 538 + -330. Suppose -9*b = 19 - g. Let n(p) = 18*p + 41. Is n(b) prime?
True
Suppose 28*h - 280 = 84. Let z = 9 - -5. Suppose -z*i + 31 = -h*i. Is i a composite number?
False
Let u(m) = 5*m**3 - 89*m**2 - 4*m - 98. Is u(26) a prime number?
False
Suppose 0*y - 3*o = -5*y + 27, -10 = 2*y + 4*o. Suppose -y*g - 2*q + 3495 = 0, -5*q + q = 4*g - 4656. Let h = g + -830. Is h a prime number?
True
Let t(h) = 6745*h - 481. Is t(8) prime?
True
Suppose 5*d - 18 = 22. Suppose l = -d - 1. Is 3648/10 - l/45 prime?
False
Let m be 3 - ((-699)/(-6) + 4/8). Let f = 205 - m. Is f prime?
False
Suppose -21668 = 7*k - 865650 + 141273. Is k prime?
False
Is 52/(-260)*2/(-8)*-10*-155318 prime?
True
Let n = 732603 + -482722. Is n prime?
True
Suppose 6*u - 1882 = -6370. Let v = -319 + 194. Let h = v - u. Is h a prime number?
False
Suppose 3*u = u + 156. Suppose -3*q = -z - 4*z + u, 0 = -4*z - q + 76. Suppose -17*l + z*l = 691. Is l composite?
False
Let u = 85 + -80. Suppose u*c - 38 = 3*n, 2*n - 3 = -5. Suppose 0 = c*d - 4*d - 11355. Is d a composite number?
True
Let o(w) = -139*w**3 - 3*w**2 - 5*w + 21. Let a be o(-7). Suppose -9*m + 3*m = -a. Suppose 2686 = -5*v + m. Is v prime?
True
Suppose 5*h + 2*r - 26 = 1, 4*r + 21 = 5*h. Suppose -5*i = -4*c + 2*c - 112330, h = c. Suppose 2*v + 14250 = 4*n, v - 8217 = 4*n - i. Is n composite?
True
Let w(o) = -432*o - 46. Let h be w(5). Let q = h - -8012. Is q composite?
True
Suppose -6*c = -2*c - 6900. Suppose -q + 3*t + 1156 = 0, 2*q + 2*t - 57 = 2271. Let v = c - q. Is v prime?
True
Suppose 0 = -d + 3, 4*v + 21056 + 657 = 3*d. Let o = -3717 - v. Is o a prime number?
True
Suppose -2*f + 1854 = -3*f. Let m = f + 2645. Is m prime?
False
Let t(r) = -r**2 + 36*r - 326. Let x be t(23). Is x/18 + (-29945)/(-2) composite?
True
Suppose 4*d = 2*o - 12, 4*o - 3*d - 23 = -o. Let k be (1/4)/(0 - o/(-80)). Suppose k*n - 525 = -190. Is n a composite number?
False
Let h = 108 + -102. Suppose h*x = 30 - 0. Suppose x*g - 7892 = g. Is g a prime number?
True
Let c = 61727 - 36634. Is c composite?
True
Let p be (6 + -6)/1 + -9. Is (-45)/p - -129*22 a composite number?
False
Let m(q) = 897*q**2 - 15*q + 109. Is m(8) a composite number?
False
Let y = 148045 + -19310. Is y a composite number?
True
Suppose -24 + 26 = j. Suppose -h + 3*h - 2940 = -2*s, -4*s = -j*h + 2970. Suppose -288 = x - h. Is x composite?
False
Let l be 4 - (25/(-5) - -2). Suppose 8 + l = 3*r. Is (r - 0)*51 - (-5 - -1) composite?
True
Is -16*(-11)/220 - (-138902)/10 prime?
False
Let q = -77 + 91. Let v be ((-16)/q)/((-14)/49). Suppose r - 2*j - 2447 = 3*j, 16 = -v*j. Is r a composite number?
True
Suppose 17566948 = 31*x - 4292299. Is x composite?
False
Let n = 2056328 - 1434261. Is n a composite number?
False
Let i = 214 + -220. Is (5 + i)/(1/(-2053)) a composite number?
False
Let d(s) be the second derivative of s**4 + 3*s**3/2 - 41*s**2/2 - 23*s. Is d(10) prime?
True
Suppose 432*v - 6980 = 427*v. Suppose -28*k + 536 = -v. Is k composite?
True
Let h(k) be the third derivative of 7*k**5/20 - 7*k**4/24 + 19*k**3/2 - 83*k**2 + k. Is h(11) prime?
True
Is 12/48 + (-8075844)/(-48) a composite number?
False
Let c(u) = 112*u - 31. Let m be c(10). Is m - 2 - -1 - 1 composite?
False
Let i be (-2 - 22/(-10)) + (-3771)/(-45). Suppose -6*l = 12 + i. Let k(z) = 5*z**2 + 21*z - 37. Is k(l) a prime number?
True
Let b = -93984 - -241091. Is b composite?
False
Suppose 20*b + o - 14176 = 19*b, -5*b = -o - 70850. Is b a composite number?
Tru